x + 104 = 128. Let d be (-4 - -2) + 42 + x. Calculate the highest common factor of 2 and d.
2
Let q = 18 + -11. Suppose -q*l - 32 = -95. Calculate the highest common factor of l and 9.
9
Let c(b) = -b**2 + 11*b + 68. Let d be c(15). What is the highest common divisor of 28 and d?
4
Let b = 369 + -359. Calculate the greatest common divisor of b and 370.
10
Let w = -297 + 414. What is the greatest common factor of w and 9?
9
Suppose 4292 + 3404 = 26*d. What is the highest common divisor of 37 and d?
37
Suppose 33 = -y + b, 0*b = 2*y - b + 63. Suppose 2*q - 3*g - 81 = 0, -g + 10 - 51 = -q. Let p = q + y. Calculate the greatest common factor of p and 12.
12
Suppose -8*d = -411 + 59. Let h(a) = 7*a - 94. Let w be h(15). Calculate the highest common divisor of w and d.
11
Let x(s) = -s**3 - 5*s**2 - s - 3. Let a be x(-5). Suppose 10 = -a*t, 3*h - 77 = -0*h + t. What is the highest common factor of h and 6?
6
Let o(b) = 13*b - 27. Let z be 3 + 2 + 1 + 0. Let m be o(z). What is the greatest common divisor of 3 and m?
3
Let i be (318/12)/((-3)/(-6)). What is the greatest common factor of i and 53?
53
Let m be (-2 - 28)/(3/(-2)). Let s(w) = 14*w + 1128. Let d be s(-80). Calculate the highest common factor of m and d.
4
Let g(u) = u**2 - 40*u - 168. Let a be g(-4). What is the highest common factor of a and 1784?
8
Suppose -18*w + 1243 + 5597 = 0. Calculate the highest common divisor of 152 and w.
76
Let g = 7 + 2. Suppose g = 3*x, 3*t - 7*t + 19 = x. Calculate the highest common factor of t and 32.
4
Suppose 6*h - 2*i + 127 = 7*h, 5*h = -5*i + 615. Calculate the greatest common factor of 17 and h.
17
Let s be (-3*(-796)/12)/1. Let d = s - 139. Suppose -u = -r + 26 - 4, -2*r + 56 = 4*u. Calculate the highest common factor of d and r.
12
Let l = 1497 - 1033. Calculate the highest common divisor of 58 and l.
58
Let l = 1316 + -1296. What is the highest common factor of 1060 and l?
20
Let k be (-20 - (1 + -1))/((-16)/32). Calculate the greatest common divisor of 40 and k.
40
Suppose -495 - 441 = 9*w. Let g = w - -111. Calculate the greatest common divisor of 49 and g.
7
Let l = -249 - -140. Let f = 177 + l. Calculate the highest common divisor of f and 17.
17
Suppose x = -0*x + 5, 5*x = -2*q + 11. Let u(h) = 2*h**2 + 11*h - 10. Let c be u(q). What is the greatest common factor of c and 110?
11
Suppose -2*g - 4*s + 12 = 0, -g + 1 = -3*s - 0. Let b be (g - -206)*(-12)/(-10). Calculate the highest common factor of b and 36.
36
Let r = -7 - 3. Let x = r + 8. Let d(i) = -6*i - 3. Let c be d(x). Calculate the highest common factor of 9 and c.
9
Let o be (-18 + 13)*(-1 - 3). Suppose 4*l + l = o. Suppose -l = -2*b + 18. Calculate the greatest common divisor of 1 and b.
1
Suppose -5*h + 4*u + 368 = 0, -9*u - 292 = -4*h - 5*u. What is the greatest common divisor of h and 4?
4
Let u = -271 - -287. Calculate the highest common factor of u and 96.
16
Let g(f) = f**2 + 13*f - 2. Let j be g(-16). Let t = 53 - j. Calculate the greatest common factor of 63 and t.
7
Let k = -633 + 1029. What is the highest common divisor of 9 and k?
9
Let s(p) = p**3 - 10*p**2 - p - 1. Let o be s(10). Let m = o + 19. Suppose 3*k - m*k = -4*y - 67, -2*k = y - 19. What is the highest common factor of k and 11?
11
Let y = 409 - 167. Calculate the highest common factor of y and 198.
22
Suppose 47*o = -8*o + 440. Calculate the highest common divisor of o and 8.
8
Suppose -2*r + 8 = 0, -5*r + 6*r - 324 = -4*j. What is the highest common factor of j and 12?
4
Suppose 5*f + 2*b - 4*b = 415, -5*f - 2*b + 395 = 0. Suppose 14*k + 140 = 518. Calculate the highest common factor of f and k.
27
Let q = -21 - -19. Let m be (19 - 10)*(1*q)/(-2). Calculate the highest common factor of m and 18.
9
Let m be 14 + -9 + (-8 - -114). What is the highest common divisor of m and 185?
37
Suppose -64*k + 34*k = -270. Suppose -r - p = 2*p - 55, 294 = 5*r - 4*p. Let q = r + 5. Calculate the greatest common divisor of k and q.
9
Let x = 54 + -30. Let b = 18 - 19. Let j = 37 + b. Calculate the highest common factor of j and x.
12
Suppose -14 = 4*t + 10. Let b be t*1/4*-6. What is the greatest common factor of 9 and b?
9
Suppose 0 = 3*f + f - 700. Suppose f = 5*r + 65. Calculate the greatest common factor of 11 and r.
11
Let s(c) = 2*c**2 + 136*c - 275. Let t be s(-70). Let x be 6*1*(-10)/(-2). Calculate the greatest common divisor of x and t.
5
Suppose 9933 = 19*l + 24*l. Suppose -3*x + 103 = 40. Calculate the highest common factor of l and x.
21
Suppose -14*p - 34 + 706 = 0. Calculate the highest common divisor of 24 and p.
24
Let c = 86 - 82. Let a be c + 65 + 4 - -4. Let g(x) = -3*x - 1. Let l be g(-4). Calculate the highest common factor of a and l.
11
Let m = 1600 - 1312. What is the highest common divisor of m and 1584?
144
Let d(k) = k**2 - k + 3. Let s be d(0). Suppose s*f - 4 = 50. Suppose 19*l = 448 + 578. What is the highest common divisor of f and l?
18
Suppose 0 = o - x - 15, 14*x - 19*x - 55 = -3*o. What is the greatest common factor of 36 and o?
2
Let b be (-126)/(2*(-15)/20). Suppose 5*j - 125 = 5*q, 2*j + 4*q - 12 - 20 = 0. Let y = j - 10. What is the highest common factor of b and y?
12
Suppose -11*h + 432 = -503. Suppose 88*b - 126 = h*b. Calculate the highest common divisor of b and 56.
14
Suppose -n = 3*s - 383, -2*n + 4*n = -5*s + 640. What is the greatest common factor of s and 72?
18
Suppose 4*a = -2*d + 80, 7 = 4*a + 11. Calculate the greatest common divisor of 78 and d.
6
Let t(n) = 108*n + 4. Let w be t(2). What is the highest common divisor of 10 and w?
10
Suppose 2*h + 20 = -2*l, 13 = -3*l + 5*h - 17. Let j(i) = -i - 6. Let b be j(l). Let x = 12 - b. Calculate the greatest common divisor of x and 40.
8
Suppose -35 = -n + 4*g, 4*n - g + 127 - 267 = 0. Calculate the highest common factor of n and 49.
7
Suppose -3*r - 198 = 3*r. Let n be 3/(-2)*(r/3 + 3). Calculate the highest common divisor of 6 and n.
6
Let w be (-14)/2*(-48)/(-56)*-2. Calculate the greatest common divisor of 588 and w.
12
Suppose -28*t + 735 = -7*t. Suppose 8 = -4*z - 16. Let y = z + 20. What is the highest common divisor of y and t?
7
Let r(v) = 4*v - 2. Let p be r(2). Suppose 4*x - 100 = -2*l, 5*l + x = p*x + 190. Suppose -2*f + 28 = -l. What is the highest common divisor of 5 and f?
5
Let r be 6/(-14) + 13002/154. What is the highest common divisor of r and 348?
12
Let z(i) = 4*i**2 - 5*i - 2. Let r be z(6). What is the highest common factor of 280 and r?
56
Let j be (-1 - 25/(-10))*38. Let m = j - -75. What is the highest common factor of m and 12?
12
Let k(j) = j**3 - 3*j**2 - 2*j + 1. Let c be k(4). Calculate the greatest common divisor of c and 27.
9
Suppose -4*d = -5*k + 716, -4*k + 270 + 303 = -3*d. Let r be 6 + (4 - (-8 + 2)). What is the highest common divisor of k and r?
16
Let b = 509 - 495. Calculate the greatest common factor of b and 854.
14
Suppose -5*w = -15, 0 = -0*f - f - w + 14. Let y(r) = -r**2 + 2*r - 3*r + 12*r + 15. Let d be y(f). Calculate the greatest common divisor of d and 3.
3
Let z(w) = -33*w - 492. Let j be z(-39). Calculate the highest common factor of j and 45.
15
Suppose -33*z + 407 = 77. Calculate the greatest common divisor of z and 10.
10
Let d be ((-28)/3)/(5 - 80/15). Calculate the greatest common divisor of 1190 and d.
14
Suppose 195 = 3*t + 2*p, 5*t - 296 - 31 = -4*p. Let x = t - 23. What is the greatest common factor of 30 and x?
10
Suppose 4 = 4*d, 2*f + 2*d = 4*f - 404. What is the highest common divisor of f and 116?
29
Let q = -12 + 30. Let x(b) = -b**3 + 60*b**2 - 60*b + 203. Let z be x(59). What is the highest common divisor of q and z?
18
Suppose 287*y - 286*y = 84. What is the greatest common divisor of 36 and y?
12
Suppose q - 904 = -4*u + 3*q, -3*u = -5*q - 692. What is the greatest common divisor of u and 14?
14
Suppose 3*r - 79 = 41. What is the greatest common divisor of 16 and r?
8
Let r be (3*3)/((-24)/(-32)). Let t(m) = m**2 - 8. Let l be t(-4). What is the highest common divisor of l and r?
4
Let j = -1329 - -2110. What is the greatest common divisor of 11 and j?
11
Let d(b) = -b**3 + 13*b**2 + 3*b + 64. Let n be d(13). What is the greatest common factor of n and 1339?
103
Suppose -4*f = -17 + 5. Suppose -s - 2*s = 3*m + 141, 5*m = f*s - 203. Let l = m - -99. What